{"id":838,"date":"2018-10-26T11:15:11","date_gmt":"2018-10-26T09:15:11","guid":{"rendered":"http:\/\/www.martipala.com\/?post_type=portfolio&#038;p=838"},"modified":"2019-11-25T16:16:24","modified_gmt":"2019-11-25T15:16:24","slug":"balneario-vichy-catalan","status":"publish","type":"portfolio","link":"http:\/\/www.martipala.com\/en\/proyecto\/balneario-vichy-catalan\/","title":{"rendered":"Balneario Vichy Catal\u00e1n"},"content":{"rendered":"<div class=\"wpb-content-wrapper\"><p>[vc_row row_height_percent=&#8221;0&#8243; override_padding=&#8221;yes&#8221; h_padding=&#8221;2&#8243; top_padding=&#8221;5&#8243; bottom_padding=&#8221;5&#8243; back_color=&#8221;color-xsdn&#8221; overlay_alpha=&#8221;50&#8243; gutter_size=&#8221;3&#8243; column_width_percent=&#8221;100&#8243; shift_y=&#8221;0&#8243; z_index=&#8221;0&#8243;][vc_column column_width_percent=&#8221;100&#8243; overlay_alpha=&#8221;50&#8243; gutter_size=&#8221;2&#8243; medium_width=&#8221;0&#8243; mobile_width=&#8221;0&#8243; shift_x=&#8221;0&#8243; shift_y=&#8221;0&#8243; shift_y_down=&#8221;0&#8243; z_index=&#8221;0&#8243; width=&#8221;1\/2&#8243;][vc_single_image media=&#8221;542&#8243; media_width_percent=&#8221;100&#8243;][vc_single_image media=&#8221;545&#8243; media_width_percent=&#8221;100&#8243;][vc_single_image media=&#8221;1096&#8243; media_width_percent=&#8221;100&#8243;][vc_single_image][vc_single_image media=&#8221;1227&#8243; media_width_percent=&#8221;100&#8243;][\/vc_column][vc_column column_width_percent=&#8221;100&#8243; overlay_alpha=&#8221;50&#8243; gutter_size=&#8221;2&#8243; align_medium=&#8221;align_left_tablet&#8221; medium_width=&#8221;0&#8243; align_mobile=&#8221;align_left_mobile&#8221; mobile_width=&#8221;0&#8243; shift_x=&#8221;0&#8243; shift_y=&#8221;0&#8243; shift_y_down=&#8221;0&#8243; z_index=&#8221;0&#8243; width=&#8221;1\/2&#8243; el_class=&#8221;mp_info-proyecto&#8221;][vc_custom_heading text_size=&#8221;h5&#8243;]Instalaciones Integrales[\/vc_custom_heading][vc_custom_heading heading_semantic=&#8221;h1&#8243;]Instalaci\u00f3n fotovoltaica y aerotermia en balneario\u00a0<strong>Vichy Catal\u00e1n<\/strong>[\/vc_custom_heading][vc_custom_heading heading_semantic=&#8221;h4&#8243; text_size=&#8221;h6&#8243; text_font=&#8221;font-555555&#8243; text_color=&#8221;color-578847&#8243;]Descripci\u00f3n del proyecto[\/vc_custom_heading][vc_column_text]Proyecci\u00f3n e instalaci\u00f3n de un sistema combinado de fotovoltaica y aerotermia para dar suministro a las piscinas climatizadas exteriores en el Balneario Vichy Catal\u00e1n situado en Caldes de Malavella. Se realizaron tambi\u00e9n todas las instalaciones de la edificaci\u00f3n que da servicio al sol\u00e1rium y\u00a0 piscinas.<\/p>\n<p>Proyecto llevado a\u00a0 cabo junto con <em><strong>B01 Arquitectes.<\/strong><\/em>[\/vc_column_text][vc_custom_heading heading_semantic=&#8221;h4&#8243; text_size=&#8221;h6&#8243; text_font=&#8221;font-555555&#8243; text_color=&#8221;color-578847&#8243;]Cliente[\/vc_custom_heading][vc_column_text]Balneario Vichy Catal\u00e1n[\/vc_column_text][vc_custom_heading heading_semantic=&#8221;h4&#8243; text_size=&#8221;h6&#8243; text_font=&#8221;font-555555&#8243; text_color=&#8221;color-578847&#8243;]Fecha del proyecto[\/vc_custom_heading][vc_column_text]Julio de 2018.[\/vc_column_text][\/vc_column][\/vc_row]<\/p>\n<\/div>","protected":false},"excerpt":{"rendered":"<p>[vc_row row_height_percent=&#8221;0&#8243; override_padding=&#8221;yes&#8221; h_padding=&#8221;2&#8243; top_padding=&#8221;5&#8243; bottom_padding=&#8221;5&#8243; back_color=&#8221;color-xsdn&#8221; overlay_alpha=&#8221;50&#8243; gutter_size=&#8221;3&#8243; column_width_percent=&#8221;100&#8243; shift_y=&#8221;0&#8243; z_index=&#8221;0&#8243;][vc_column column_width_percent=&#8221;100&#8243; overlay_alpha=&#8221;50&#8243; gutter_size=&#8221;2&#8243; medium_width=&#8221;0&#8243; mobile_width=&#8221;0&#8243; shift_x=&#8221;0&#8243; shift_y=&#8221;0&#8243; shift_y_down=&#8221;0&#8243; [&hellip;]<\/p>\n","protected":false},"author":1,"featured_media":711,"parent":0,"menu_order":40,"comment_status":"closed","ping_status":"closed","template":"","meta":{"_joinchat":[],"footnotes":""},"portfolio_category":[37,31],"class_list":["post-838","portfolio","type-portfolio","status-publish","has-post-thumbnail","hentry","portfolio_category-engineering-projects","portfolio_category-renewable-energy"],"_links":{"self":[{"href":"http:\/\/www.martipala.com\/en\/wp-json\/wp\/v2\/portfolio\/838","targetHints":{"allow":["GET"]}}],"collection":[{"href":"http:\/\/www.martipala.com\/en\/wp-json\/wp\/v2\/portfolio"}],"about":[{"href":"http:\/\/www.martipala.com\/en\/wp-json\/wp\/v2\/types\/portfolio"}],"author":[{"embeddable":true,"href":"http:\/\/www.martipala.com\/en\/wp-json\/wp\/v2\/users\/1"}],"replies":[{"embeddable":true,"href":"http:\/\/www.martipala.com\/en\/wp-json\/wp\/v2\/comments?post=838"}],"version-history":[{"count":1,"href":"http:\/\/www.martipala.com\/en\/wp-json\/wp\/v2\/portfolio\/838\/revisions"}],"predecessor-version":[{"id":1569,"href":"http:\/\/www.martipala.com\/en\/wp-json\/wp\/v2\/portfolio\/838\/revisions\/1569"}],"wp:featuredmedia":[{"embeddable":true,"href":"http:\/\/www.martipala.com\/en\/wp-json\/wp\/v2\/media\/711"}],"wp:attachment":[{"href":"http:\/\/www.martipala.com\/en\/wp-json\/wp\/v2\/media?parent=838"}],"wp:term":[{"taxonomy":"portfolio_category","embeddable":true,"href":"http:\/\/www.martipala.com\/en\/wp-json\/wp\/v2\/portfolio_category?post=838"}],"curies":[{"name":"wp","href":"https:\/\/api.w.org\/{rel}","templated":true}]}}

Balneario Vichy Catalán

<div class="wpb-content-wrapper"><p>[vc_row row_height_percent=&#8221;0&#8243; override_padding=&#8221;yes&#8221; h_padding=&#8221;2&#8243; top_padding=&#8221;5&#8243; bottom_padding=&#8221;5&#8243; back_color=&#8221;color-xsdn&#8221; overlay_alpha=&#8221;50&#8243; gutter_size=&#8221;3&#8243; column_width_percent=&#8221;100&#8243; shift_y=&#8221;0&#8243; z_index=&#8221;0&#8243;][vc_column column_width_percent=&#8221;100&#8243; overlay_alpha=&#8221;50&#8243; gutter_size=&#8221;2&#8243; medium_width=&#8221;0&#8243; mobile_width=&#8221;0&#8243; shift_x=&#8221;0&#8243; shift_y=&#8221;0&#8243; shift_y_down=&#8221;0&#8243; z_index=&#8221;0&#8243; width=&#8221;1/2&#8243;][vc_single_image media=&#8221;542&#8243; media_width_percent=&#8221;100&#8243;][vc_single_image media=&#8221;545&#8243; media_width_percent=&#8221;100&#8243;][vc_single_image media=&#8221;1096&#8243; media_width_percent=&#8221;100&#8243;][vc_single_image][vc_single_image media=&#8221;1227&#8243; media_width_percent=&#8221;100&#8243;][/vc_column][vc_column column_width_percent=&#8221;100&#8243; overlay_alpha=&#8221;50&#8243; gutter_size=&#8221;2&#8243; align_medium=&#8221;align_left_tablet&#8221; medium_width=&#8221;0&#8243; align_mobile=&#8221;align_left_mobile&#8221; mobile_width=&#8221;0&#8243; shift_x=&#8221;0&#8243; shift_y=&#8221;0&#8243; shift_y_down=&#8221;0&#8243; z_index=&#8221;0&#8243; width=&#8221;1/2&#8243; el_class=&#8221;mp_info-proyecto&#8221;][vc_custom_heading text_size=&#8221;h5&#8243;]Instalaciones Integrales[/vc_custom_heading][vc_custom_heading heading_semantic=&#8221;h1&#8243;]Instalación fotovoltaica y aerotermia en balneario <strong>Vichy Catalán</strong>[/vc_custom_heading][vc_custom_heading heading_semantic=&#8221;h4&#8243; text_size=&#8221;h6&#8243; text_font=&#8221;font-555555&#8243; text_color=&#8221;color-578847&#8243;]Descripción del proyecto[/vc_custom_heading][vc_column_text]Proyección e instalación de un sistema combinado de fotovoltaica y aerotermia para dar suministro a las piscinas climatizadas exteriores en el Balneario Vichy Catalán situado en Caldes de Malavella. Se realizaron también todas las instalaciones de la edificación que da servicio al solárium y  piscinas.</p>
<p>Proyecto llevado a  cabo junto con <em><strong>B01 Arquitectes.</strong></em>[/vc_column_text][vc_custom_heading heading_semantic=&#8221;h4&#8243; text_size=&#8221;h6&#8243; text_font=&#8221;font-555555&#8243; text_color=&#8221;color-578847&#8243;]Cliente[/vc_custom_heading][vc_column_text]Balneario Vichy Catalán[/vc_column_text][vc_custom_heading heading_semantic=&#8221;h4&#8243; text_size=&#8221;h6&#8243; text_font=&#8221;font-555555&#8243; text_color=&#8221;color-578847&#8243;]Fecha del proyecto[/vc_custom_heading][vc_column_text]Julio de 2018.[/vc_column_text][/vc_column][/vc_row]</p>
</div>
