{"id":1633,"date":"2019-11-25T17:07:00","date_gmt":"2019-11-25T16:07:00","guid":{"rendered":"http:\/\/www.martipala.com\/?post_type=portfolio&#038;p=1633"},"modified":"2019-11-25T17:07:00","modified_gmt":"2019-11-25T16:07:00","slug":"oficinas-direccion-vichy-catalan","status":"publish","type":"portfolio","link":"http:\/\/www.martipala.com\/en\/proyecto\/oficinas-direccion-vichy-catalan\/","title":{"rendered":"Oficinas Direcci\u00f3n Vichy Catal\u00e1n"},"content":{"rendered":"<div class=\"wpb-content-wrapper\"><p>[vc_row row_height_percent=&#8221;0&#8243; override_padding=&#8221;yes&#8221; h_padding=&#8221;2&#8243; top_padding=&#8221;5&#8243; bottom_padding=&#8221;5&#8243; back_color=&#8221;color-xsdn&#8221; overlay_alpha=&#8221;50&#8243; gutter_size=&#8221;3&#8243; column_width_percent=&#8221;100&#8243; shift_y=&#8221;0&#8243; z_index=&#8221;0&#8243;][vc_column column_width_percent=&#8221;100&#8243; overlay_alpha=&#8221;50&#8243; gutter_size=&#8221;2&#8243; medium_width=&#8221;0&#8243; mobile_width=&#8221;0&#8243; shift_x=&#8221;0&#8243; shift_y=&#8221;0&#8243; shift_y_down=&#8221;0&#8243; z_index=&#8221;0&#8243; width=&#8221;1\/2&#8243;][vc_single_image media=&#8221;1187&#8243; media_width_percent=&#8221;100&#8243;][vc_single_image media=&#8221;1172&#8243; media_width_percent=&#8221;100&#8243;][vc_single_image media=&#8221;1184&#8243; media_width_percent=&#8221;100&#8243;][vc_single_image media=&#8221;1178&#8243; media_width_percent=&#8221;100&#8243;][\/vc_column][vc_column column_width_percent=&#8221;100&#8243; overlay_alpha=&#8221;50&#8243; gutter_size=&#8221;2&#8243; align_medium=&#8221;align_left_tablet&#8221; medium_width=&#8221;0&#8243; align_mobile=&#8221;align_left_mobile&#8221; mobile_width=&#8221;0&#8243; shift_x=&#8221;0&#8243; shift_y=&#8221;0&#8243; shift_y_down=&#8221;0&#8243; z_index=&#8221;0&#8243; width=&#8221;1\/2&#8243; el_class=&#8221;mp_info-proyecto&#8221;][vc_custom_heading text_size=&#8221;h5&#8243;]Instalaciones integrales[\/vc_custom_heading][vc_custom_heading heading_semantic=&#8221;h1&#8243;]Instalaciones integrales en oficinas Vichy Catalan[\/vc_custom_heading][vc_custom_heading heading_semantic=&#8221;h4&#8243; text_size=&#8221;h6&#8243; text_font=&#8221;font-555555&#8243; text_color=&#8221;color-578847&#8243;]Descripci\u00f3n del proyecto[\/vc_custom_heading][vc_column_text]Se realizaron las instalaciones el\u00e9ctricas, alumbrado, redes de telecomunicaciones, climatizaci\u00f3n y fontaner\u00eda en las oficinas de la<strong> direcci\u00f3n general del grupo Vichy Catalan<\/strong>.<\/p>\n<p>&nbsp;<\/p>\n<p>Proyecto llevado a cabo junto con <em><strong>B01 Arquitectes.<\/strong><\/em>[\/vc_column_text][vc_custom_heading heading_semantic=&#8221;h4&#8243; text_size=&#8221;h6&#8243; text_font=&#8221;font-555555&#8243; text_color=&#8221;color-578847&#8243;]Cliente[\/vc_custom_heading][vc_column_text]Grupo Vichy Catalan[\/vc_column_text][vc_custom_heading heading_semantic=&#8221;h4&#8243; text_size=&#8221;h6&#8243; text_font=&#8221;font-555555&#8243; text_color=&#8221;color-578847&#8243;]Fecha del proyecto[\/vc_custom_heading][vc_column_text]Durante el 2018.[\/vc_column_text][\/vc_column][\/vc_row]<\/p>\n<\/div>","protected":false},"excerpt":{"rendered":"<p>[vc_row row_height_percent=&#8221;0&#8243; override_padding=&#8221;yes&#8221; h_padding=&#8221;2&#8243; top_padding=&#8221;5&#8243; bottom_padding=&#8221;5&#8243; back_color=&#8221;color-xsdn&#8221; overlay_alpha=&#8221;50&#8243; gutter_size=&#8221;3&#8243; column_width_percent=&#8221;100&#8243; shift_y=&#8221;0&#8243; z_index=&#8221;0&#8243;][vc_column column_width_percent=&#8221;100&#8243; overlay_alpha=&#8221;50&#8243; gutter_size=&#8221;2&#8243; medium_width=&#8221;0&#8243; mobile_width=&#8221;0&#8243; shift_x=&#8221;0&#8243; shift_y=&#8221;0&#8243; shift_y_down=&#8221;0&#8243; [&hellip;]<\/p>\n","protected":false},"author":2,"featured_media":1187,"parent":0,"menu_order":88,"comment_status":"open","ping_status":"closed","template":"","meta":{"_joinchat":[],"footnotes":""},"portfolio_category":[29,35,33,39],"class_list":["post-1633","portfolio","type-portfolio","status-publish","has-post-thumbnail","hentry","portfolio_category-climate-air-conditioning","portfolio_category-electrical-installations","portfolio_category-fluids-and-gas","portfolio_category-telecommunications"],"_links":{"self":[{"href":"http:\/\/www.martipala.com\/en\/wp-json\/wp\/v2\/portfolio\/1633","targetHints":{"allow":["GET"]}}],"collection":[{"href":"http:\/\/www.martipala.com\/en\/wp-json\/wp\/v2\/portfolio"}],"about":[{"href":"http:\/\/www.martipala.com\/en\/wp-json\/wp\/v2\/types\/portfolio"}],"author":[{"embeddable":true,"href":"http:\/\/www.martipala.com\/en\/wp-json\/wp\/v2\/users\/2"}],"replies":[{"embeddable":true,"href":"http:\/\/www.martipala.com\/en\/wp-json\/wp\/v2\/comments?post=1633"}],"version-history":[{"count":1,"href":"http:\/\/www.martipala.com\/en\/wp-json\/wp\/v2\/portfolio\/1633\/revisions"}],"predecessor-version":[{"id":1634,"href":"http:\/\/www.martipala.com\/en\/wp-json\/wp\/v2\/portfolio\/1633\/revisions\/1634"}],"wp:featuredmedia":[{"embeddable":true,"href":"http:\/\/www.martipala.com\/en\/wp-json\/wp\/v2\/media\/1187"}],"wp:attachment":[{"href":"http:\/\/www.martipala.com\/en\/wp-json\/wp\/v2\/media?parent=1633"}],"wp:term":[{"taxonomy":"portfolio_category","embeddable":true,"href":"http:\/\/www.martipala.com\/en\/wp-json\/wp\/v2\/portfolio_category?post=1633"}],"curies":[{"name":"wp","href":"https:\/\/api.w.org\/{rel}","templated":true}]}}

Oficinas Dirección Vichy Catalán

<div class="wpb-content-wrapper"><p>[vc_row row_height_percent=&#8221;0&#8243; override_padding=&#8221;yes&#8221; h_padding=&#8221;2&#8243; top_padding=&#8221;5&#8243; bottom_padding=&#8221;5&#8243; back_color=&#8221;color-xsdn&#8221; overlay_alpha=&#8221;50&#8243; gutter_size=&#8221;3&#8243; column_width_percent=&#8221;100&#8243; shift_y=&#8221;0&#8243; z_index=&#8221;0&#8243;][vc_column column_width_percent=&#8221;100&#8243; overlay_alpha=&#8221;50&#8243; gutter_size=&#8221;2&#8243; medium_width=&#8221;0&#8243; mobile_width=&#8221;0&#8243; shift_x=&#8221;0&#8243; shift_y=&#8221;0&#8243; shift_y_down=&#8221;0&#8243; z_index=&#8221;0&#8243; width=&#8221;1/2&#8243;][vc_single_image media=&#8221;1187&#8243; media_width_percent=&#8221;100&#8243;][vc_single_image media=&#8221;1172&#8243; media_width_percent=&#8221;100&#8243;][vc_single_image media=&#8221;1184&#8243; media_width_percent=&#8221;100&#8243;][vc_single_image media=&#8221;1178&#8243; media_width_percent=&#8221;100&#8243;][/vc_column][vc_column column_width_percent=&#8221;100&#8243; overlay_alpha=&#8221;50&#8243; gutter_size=&#8221;2&#8243; align_medium=&#8221;align_left_tablet&#8221; medium_width=&#8221;0&#8243; align_mobile=&#8221;align_left_mobile&#8221; mobile_width=&#8221;0&#8243; shift_x=&#8221;0&#8243; shift_y=&#8221;0&#8243; shift_y_down=&#8221;0&#8243; z_index=&#8221;0&#8243; width=&#8221;1/2&#8243; el_class=&#8221;mp_info-proyecto&#8221;][vc_custom_heading text_size=&#8221;h5&#8243;]Instalaciones integrales[/vc_custom_heading][vc_custom_heading heading_semantic=&#8221;h1&#8243;]Instalaciones integrales en oficinas Vichy Catalan[/vc_custom_heading][vc_custom_heading heading_semantic=&#8221;h4&#8243; text_size=&#8221;h6&#8243; text_font=&#8221;font-555555&#8243; text_color=&#8221;color-578847&#8243;]Descripción del proyecto[/vc_custom_heading][vc_column_text]Se realizaron las instalaciones eléctricas, alumbrado, redes de telecomunicaciones, climatización y fontanería en las oficinas de la<strong> dirección general del grupo Vichy Catalan</strong>.</p>
<p>&nbsp;</p>
<p>Proyecto llevado a cabo junto con <em><strong>B01 Arquitectes.</strong></em>[/vc_column_text][vc_custom_heading heading_semantic=&#8221;h4&#8243; text_size=&#8221;h6&#8243; text_font=&#8221;font-555555&#8243; text_color=&#8221;color-578847&#8243;]Cliente[/vc_custom_heading][vc_column_text]Grupo Vichy Catalan[/vc_column_text][vc_custom_heading heading_semantic=&#8221;h4&#8243; text_size=&#8221;h6&#8243; text_font=&#8221;font-555555&#8243; text_color=&#8221;color-578847&#8243;]Fecha del proyecto[/vc_custom_heading][vc_column_text]Durante el 2018.[/vc_column_text][/vc_column][/vc_row]</p>
</div>
