{"id":1579,"date":"2019-11-25T16:23:54","date_gmt":"2019-11-25T15:23:54","guid":{"rendered":"http:\/\/www.martipala.com\/?post_type=portfolio&#038;p=1579"},"modified":"2019-11-25T16:23:54","modified_gmt":"2019-11-25T15:23:54","slug":"directorios-en-accesos-edifico-paseo-de-gracia-11","status":"publish","type":"portfolio","link":"http:\/\/www.martipala.com\/en\/proyecto\/directorios-en-accesos-edifico-paseo-de-gracia-11\/","title":{"rendered":"Directorios en Accesos edifico Paseo de Gracia 11"},"content":{"rendered":"<div class=\"wpb-content-wrapper\"><p>[vc_row row_height_percent=&#8221;0&#8243; override_padding=&#8221;yes&#8221; h_padding=&#8221;2&#8243; top_padding=&#8221;5&#8243; bottom_padding=&#8221;5&#8243; back_color=&#8221;color-xsdn&#8221; overlay_alpha=&#8221;50&#8243; gutter_size=&#8221;3&#8243; column_width_percent=&#8221;100&#8243; shift_y=&#8221;0&#8243; z_index=&#8221;0&#8243;][vc_column column_width_percent=&#8221;100&#8243; overlay_alpha=&#8221;50&#8243; gutter_size=&#8221;2&#8243; medium_width=&#8221;0&#8243; mobile_width=&#8221;0&#8243; shift_x=&#8221;0&#8243; shift_y=&#8221;0&#8243; shift_y_down=&#8221;0&#8243; z_index=&#8221;0&#8243; width=&#8221;1\/2&#8243;][vc_single_image media=&#8221;1437&#8243; media_width_percent=&#8221;100&#8243;][vc_single_image media=&#8221;1431&#8243; media_width_percent=&#8221;100&#8243;][vc_single_image media=&#8221;1434&#8243; media_width_percent=&#8221;100&#8243;][\/vc_column][vc_column column_width_percent=&#8221;100&#8243; overlay_alpha=&#8221;50&#8243; gutter_size=&#8221;2&#8243; align_medium=&#8221;align_left_tablet&#8221; medium_width=&#8221;0&#8243; align_mobile=&#8221;align_left_mobile&#8221; mobile_width=&#8221;0&#8243; shift_x=&#8221;0&#8243; shift_y=&#8221;0&#8243; shift_y_down=&#8221;0&#8243; z_index=&#8221;0&#8243; width=&#8221;1\/2&#8243; el_class=&#8221;mp_info-proyecto&#8221;][vc_custom_heading text_size=&#8221;h5&#8243;]Proyecto[\/vc_custom_heading][vc_custom_heading heading_semantic=&#8221;h1&#8243;]Renovaci\u00f3n interiores edificio <strong>Paseo de Gracia 11\u00a0<\/strong>[\/vc_custom_heading][vc_custom_heading heading_semantic=&#8221;h4&#8243; text_size=&#8221;h6&#8243; text_font=&#8221;font-555555&#8243; text_color=&#8221;color-578847&#8243;]Descripci\u00f3n del proyecto[\/vc_custom_heading][vc_column_text]Se realizaron todas las instalaciones el\u00e9ctricas y se programaron los directorios electr\u00f3nicos de los tres accesos de este emblem\u00e1tico edificio de Barcelona.[\/vc_column_text][vc_custom_heading heading_semantic=&#8221;h4&#8243; text_size=&#8221;h6&#8243; text_font=&#8221;font-555555&#8243; text_color=&#8221;color-578847&#8243;]Cliente[\/vc_custom_heading][vc_column_text]Generali Espa\u00f1a[\/vc_column_text][vc_custom_heading heading_semantic=&#8221;h4&#8243; text_size=&#8221;h6&#8243; text_font=&#8221;font-555555&#8243; text_color=&#8221;color-578847&#8243;]Fecha del proyecto[\/vc_custom_heading][vc_column_text]Abril 2019.[\/vc_column_text][\/vc_column][\/vc_row]<\/p>\n<\/div>","protected":false},"excerpt":{"rendered":"<p>[vc_row row_height_percent=&#8221;0&#8243; override_padding=&#8221;yes&#8221; h_padding=&#8221;2&#8243; top_padding=&#8221;5&#8243; bottom_padding=&#8221;5&#8243; back_color=&#8221;color-xsdn&#8221; overlay_alpha=&#8221;50&#8243; gutter_size=&#8221;3&#8243; column_width_percent=&#8221;100&#8243; shift_y=&#8221;0&#8243; z_index=&#8221;0&#8243;][vc_column column_width_percent=&#8221;100&#8243; overlay_alpha=&#8221;50&#8243; gutter_size=&#8221;2&#8243; medium_width=&#8221;0&#8243; mobile_width=&#8221;0&#8243; shift_x=&#8221;0&#8243; shift_y=&#8221;0&#8243; shift_y_down=&#8221;0&#8243; [&hellip;]<\/p>\n","protected":false},"author":2,"featured_media":1434,"parent":0,"menu_order":59,"comment_status":"open","ping_status":"closed","template":"","meta":{"_joinchat":[],"footnotes":""},"portfolio_category":[35,37],"class_list":["post-1579","portfolio","type-portfolio","status-publish","has-post-thumbnail","hentry","portfolio_category-electrical-installations","portfolio_category-engineering-projects"],"_links":{"self":[{"href":"http:\/\/www.martipala.com\/en\/wp-json\/wp\/v2\/portfolio\/1579","targetHints":{"allow":["GET"]}}],"collection":[{"href":"http:\/\/www.martipala.com\/en\/wp-json\/wp\/v2\/portfolio"}],"about":[{"href":"http:\/\/www.martipala.com\/en\/wp-json\/wp\/v2\/types\/portfolio"}],"author":[{"embeddable":true,"href":"http:\/\/www.martipala.com\/en\/wp-json\/wp\/v2\/users\/2"}],"replies":[{"embeddable":true,"href":"http:\/\/www.martipala.com\/en\/wp-json\/wp\/v2\/comments?post=1579"}],"version-history":[{"count":1,"href":"http:\/\/www.martipala.com\/en\/wp-json\/wp\/v2\/portfolio\/1579\/revisions"}],"predecessor-version":[{"id":1580,"href":"http:\/\/www.martipala.com\/en\/wp-json\/wp\/v2\/portfolio\/1579\/revisions\/1580"}],"wp:featuredmedia":[{"embeddable":true,"href":"http:\/\/www.martipala.com\/en\/wp-json\/wp\/v2\/media\/1434"}],"wp:attachment":[{"href":"http:\/\/www.martipala.com\/en\/wp-json\/wp\/v2\/media?parent=1579"}],"wp:term":[{"taxonomy":"portfolio_category","embeddable":true,"href":"http:\/\/www.martipala.com\/en\/wp-json\/wp\/v2\/portfolio_category?post=1579"}],"curies":[{"name":"wp","href":"https:\/\/api.w.org\/{rel}","templated":true}]}}

<div class="wpb-content-wrapper"><p>[vc_row row_height_percent=&#8221;0&#8243; override_padding=&#8221;yes&#8221; h_padding=&#8221;2&#8243; top_padding=&#8221;5&#8243; bottom_padding=&#8221;5&#8243; back_color=&#8221;color-xsdn&#8221; overlay_alpha=&#8221;50&#8243; gutter_size=&#8221;3&#8243; column_width_percent=&#8221;100&#8243; shift_y=&#8221;0&#8243; z_index=&#8221;0&#8243;][vc_column column_width_percent=&#8221;100&#8243; overlay_alpha=&#8221;50&#8243; gutter_size=&#8221;2&#8243; medium_width=&#8221;0&#8243; mobile_width=&#8221;0&#8243; shift_x=&#8221;0&#8243; shift_y=&#8221;0&#8243; shift_y_down=&#8221;0&#8243; z_index=&#8221;0&#8243; width=&#8221;1/2&#8243;][vc_single_image media=&#8221;1437&#8243; media_width_percent=&#8221;100&#8243;][vc_single_image media=&#8221;1431&#8243; media_width_percent=&#8221;100&#8243;][vc_single_image media=&#8221;1434&#8243; media_width_percent=&#8221;100&#8243;][/vc_column][vc_column column_width_percent=&#8221;100&#8243; overlay_alpha=&#8221;50&#8243; gutter_size=&#8221;2&#8243; align_medium=&#8221;align_left_tablet&#8221; medium_width=&#8221;0&#8243; align_mobile=&#8221;align_left_mobile&#8221; mobile_width=&#8221;0&#8243; shift_x=&#8221;0&#8243; shift_y=&#8221;0&#8243; shift_y_down=&#8221;0&#8243; z_index=&#8221;0&#8243; width=&#8221;1/2&#8243; el_class=&#8221;mp_info-proyecto&#8221;][vc_custom_heading text_size=&#8221;h5&#8243;]Proyecto[/vc_custom_heading][vc_custom_heading heading_semantic=&#8221;h1&#8243;]Renovación interiores edificio <strong>Paseo de Gracia 11 </strong>[/vc_custom_heading][vc_custom_heading heading_semantic=&#8221;h4&#8243; text_size=&#8221;h6&#8243; text_font=&#8221;font-555555&#8243; text_color=&#8221;color-578847&#8243;]Descripción del proyecto[/vc_custom_heading][vc_column_text]Se realizaron todas las instalaciones eléctricas y se programaron los directorios electrónicos de los tres accesos de este emblemático edificio de Barcelona.[/vc_column_text][vc_custom_heading heading_semantic=&#8221;h4&#8243; text_size=&#8221;h6&#8243; text_font=&#8221;font-555555&#8243; text_color=&#8221;color-578847&#8243;]Cliente[/vc_custom_heading][vc_column_text]Generali España[/vc_column_text][vc_custom_heading heading_semantic=&#8221;h4&#8243; text_size=&#8221;h6&#8243; text_font=&#8221;font-555555&#8243; text_color=&#8221;color-578847&#8243;]Fecha del proyecto[/vc_custom_heading][vc_column_text]Abril 2019.[/vc_column_text][/vc_column][/vc_row]</p>
</div>
