{"id":1627,"date":"2019-11-25T17:05:27","date_gmt":"2019-11-25T16:05:27","guid":{"rendered":"http:\/\/www.martipala.com\/?post_type=portfolio&#038;p=1627"},"modified":"2019-11-25T17:05:27","modified_gmt":"2019-11-25T16:05:27","slug":"kathe-wohlfahrt","status":"publish","type":"portfolio","link":"http:\/\/www.martipala.com\/ca\/proyecto\/kathe-wohlfahrt\/","title":{"rendered":"K\u00e4the Wohlfahrt"},"content":{"rendered":"<div class=\"wpb-content-wrapper\"><p>[vc_row row_height_percent=&#8221;0&#8243; override_padding=&#8221;yes&#8221; h_padding=&#8221;2&#8243; top_padding=&#8221;5&#8243; bottom_padding=&#8221;5&#8243; back_color=&#8221;color-xsdn&#8221; overlay_alpha=&#8221;50&#8243; gutter_size=&#8221;3&#8243; column_width_percent=&#8221;100&#8243; shift_y=&#8221;0&#8243; z_index=&#8221;0&#8243;][vc_column column_width_percent=&#8221;100&#8243; overlay_alpha=&#8221;50&#8243; gutter_size=&#8221;2&#8243; medium_width=&#8221;0&#8243; mobile_width=&#8221;0&#8243; shift_x=&#8221;0&#8243; shift_y=&#8221;0&#8243; shift_y_down=&#8221;0&#8243; z_index=&#8221;0&#8243; width=&#8221;1\/2&#8243;][vc_single_image media=&#8221;1543&#8243; media_width_percent=&#8221;100&#8243;][vc_single_image media=&#8221;1528&#8243; media_width_percent=&#8221;100&#8243;][vc_single_image media=&#8221;1537&#8243; media_width_percent=&#8221;100&#8243;][vc_single_image media=&#8221;1546&#8243; media_width_percent=&#8221;100&#8243;][\/vc_column][vc_column column_width_percent=&#8221;100&#8243; overlay_alpha=&#8221;50&#8243; gutter_size=&#8221;2&#8243; align_medium=&#8221;align_left_tablet&#8221; medium_width=&#8221;0&#8243; align_mobile=&#8221;align_left_mobile&#8221; mobile_width=&#8221;0&#8243; shift_x=&#8221;0&#8243; shift_y=&#8221;0&#8243; shift_y_down=&#8221;0&#8243; z_index=&#8221;0&#8243; width=&#8221;1\/2&#8243; el_class=&#8221;mp_info-proyecto&#8221;][vc_custom_heading text_size=&#8221;h5&#8243;]Instalaciones integrales[\/vc_custom_heading][vc_custom_heading heading_semantic=&#8221;h1&#8243;]Instalaciones integrales en tienda K\u00e4the Wohlfahrt[\/vc_custom_heading][vc_custom_heading heading_semantic=&#8221;h4&#8243; text_size=&#8221;h6&#8243; text_font=&#8221;font-555555&#8243; text_color=&#8221;color-578847&#8243;]Descripci\u00f3n del proyecto[\/vc_custom_heading][vc_column_text]Se realizaron las instalaciones el\u00e9ctricas, alumbrado, redes de telecomunicaciones, climatizaci\u00f3n, fontaner\u00eda y extinci\u00f3n de incendios para la \u00faltima tienda estrenada en Barcelona del grupo K\u00e4the Wohlfahrt.\u00a0 Este cuenta con las tiendas navide\u00f1as m\u00e1s grandes del mundo. Su reci\u00e9n estrenada tienda de Barcelona esta situada en el Barrio G\u00f3tico.<\/p>\n<p>[\/vc_column_text][vc_custom_heading heading_semantic=&#8221;h4&#8243; text_size=&#8221;h6&#8243; text_font=&#8221;font-555555&#8243; text_color=&#8221;color-578847&#8243;]Cliente[\/vc_custom_heading][vc_column_text]K\u00e4the Wohlfahrt[\/vc_column_text][vc_custom_heading heading_semantic=&#8221;h4&#8243; text_size=&#8221;h6&#8243; text_font=&#8221;font-555555&#8243; text_color=&#8221;color-578847&#8243;]Fecha del proyecto[\/vc_custom_heading][vc_column_text]Durante el 2019.[\/vc_column_text][\/vc_column][\/vc_row]<\/p>\n<\/div>","protected":false},"excerpt":{"rendered":"<p>[vc_row row_height_percent=&#8221;0&#8243; override_padding=&#8221;yes&#8221; h_padding=&#8221;2&#8243; top_padding=&#8221;5&#8243; bottom_padding=&#8221;5&#8243; back_color=&#8221;color-xsdn&#8221; overlay_alpha=&#8221;50&#8243; gutter_size=&#8221;3&#8243; column_width_percent=&#8221;100&#8243; shift_y=&#8221;0&#8243; z_index=&#8221;0&#8243;][vc_column column_width_percent=&#8221;100&#8243; overlay_alpha=&#8221;50&#8243; gutter_size=&#8221;2&#8243; medium_width=&#8221;0&#8243; mobile_width=&#8221;0&#8243; shift_x=&#8221;0&#8243; shift_y=&#8221;0&#8243; shift_y_down=&#8221;0&#8243; [&hellip;]<\/p>\n","protected":false},"author":2,"featured_media":1528,"parent":0,"menu_order":83,"comment_status":"open","ping_status":"closed","template":"","meta":{"_joinchat":[],"footnotes":""},"portfolio_category":[28,32,34,36,38],"class_list":["post-1627","portfolio","type-portfolio","status-publish","has-post-thumbnail","hentry","portfolio_category-climatizacion-ca","portfolio_category-fluidos-y-gases-ca","portfolio_category-instalaciones-electricas-ca","portfolio_category-proyectos-de-ingenieria-ca","portfolio_category-telecomunicaciones-ca"],"_links":{"self":[{"href":"http:\/\/www.martipala.com\/ca\/wp-json\/wp\/v2\/portfolio\/1627","targetHints":{"allow":["GET"]}}],"collection":[{"href":"http:\/\/www.martipala.com\/ca\/wp-json\/wp\/v2\/portfolio"}],"about":[{"href":"http:\/\/www.martipala.com\/ca\/wp-json\/wp\/v2\/types\/portfolio"}],"author":[{"embeddable":true,"href":"http:\/\/www.martipala.com\/ca\/wp-json\/wp\/v2\/users\/2"}],"replies":[{"embeddable":true,"href":"http:\/\/www.martipala.com\/ca\/wp-json\/wp\/v2\/comments?post=1627"}],"version-history":[{"count":1,"href":"http:\/\/www.martipala.com\/ca\/wp-json\/wp\/v2\/portfolio\/1627\/revisions"}],"predecessor-version":[{"id":1628,"href":"http:\/\/www.martipala.com\/ca\/wp-json\/wp\/v2\/portfolio\/1627\/revisions\/1628"}],"wp:featuredmedia":[{"embeddable":true,"href":"http:\/\/www.martipala.com\/ca\/wp-json\/wp\/v2\/media\/1528"}],"wp:attachment":[{"href":"http:\/\/www.martipala.com\/ca\/wp-json\/wp\/v2\/media?parent=1627"}],"wp:term":[{"taxonomy":"portfolio_category","embeddable":true,"href":"http:\/\/www.martipala.com\/ca\/wp-json\/wp\/v2\/portfolio_category?post=1627"}],"curies":[{"name":"wp","href":"https:\/\/api.w.org\/{rel}","templated":true}]}}

Käthe Wohlfahrt

<div class="wpb-content-wrapper"><p>[vc_row row_height_percent=&#8221;0&#8243; override_padding=&#8221;yes&#8221; h_padding=&#8221;2&#8243; top_padding=&#8221;5&#8243; bottom_padding=&#8221;5&#8243; back_color=&#8221;color-xsdn&#8221; overlay_alpha=&#8221;50&#8243; gutter_size=&#8221;3&#8243; column_width_percent=&#8221;100&#8243; shift_y=&#8221;0&#8243; z_index=&#8221;0&#8243;][vc_column column_width_percent=&#8221;100&#8243; overlay_alpha=&#8221;50&#8243; gutter_size=&#8221;2&#8243; medium_width=&#8221;0&#8243; mobile_width=&#8221;0&#8243; shift_x=&#8221;0&#8243; shift_y=&#8221;0&#8243; shift_y_down=&#8221;0&#8243; z_index=&#8221;0&#8243; width=&#8221;1/2&#8243;][vc_single_image media=&#8221;1543&#8243; media_width_percent=&#8221;100&#8243;][vc_single_image media=&#8221;1528&#8243; media_width_percent=&#8221;100&#8243;][vc_single_image media=&#8221;1537&#8243; media_width_percent=&#8221;100&#8243;][vc_single_image media=&#8221;1546&#8243; media_width_percent=&#8221;100&#8243;][/vc_column][vc_column column_width_percent=&#8221;100&#8243; overlay_alpha=&#8221;50&#8243; gutter_size=&#8221;2&#8243; align_medium=&#8221;align_left_tablet&#8221; medium_width=&#8221;0&#8243; align_mobile=&#8221;align_left_mobile&#8221; mobile_width=&#8221;0&#8243; shift_x=&#8221;0&#8243; shift_y=&#8221;0&#8243; shift_y_down=&#8221;0&#8243; z_index=&#8221;0&#8243; width=&#8221;1/2&#8243; el_class=&#8221;mp_info-proyecto&#8221;][vc_custom_heading text_size=&#8221;h5&#8243;]Instalaciones integrales[/vc_custom_heading][vc_custom_heading heading_semantic=&#8221;h1&#8243;]Instalaciones integrales en tienda Käthe Wohlfahrt[/vc_custom_heading][vc_custom_heading heading_semantic=&#8221;h4&#8243; text_size=&#8221;h6&#8243; text_font=&#8221;font-555555&#8243; text_color=&#8221;color-578847&#8243;]Descripción del proyecto[/vc_custom_heading][vc_column_text]Se realizaron las instalaciones eléctricas, alumbrado, redes de telecomunicaciones, climatización, fontanería y extinción de incendios para la última tienda estrenada en Barcelona del grupo Käthe Wohlfahrt.  Este cuenta con las tiendas navideñas más grandes del mundo. Su recién estrenada tienda de Barcelona esta situada en el Barrio Gótico.</p>
<p>[/vc_column_text][vc_custom_heading heading_semantic=&#8221;h4&#8243; text_size=&#8221;h6&#8243; text_font=&#8221;font-555555&#8243; text_color=&#8221;color-578847&#8243;]Cliente[/vc_custom_heading][vc_column_text]Käthe Wohlfahrt[/vc_column_text][vc_custom_heading heading_semantic=&#8221;h4&#8243; text_size=&#8221;h6&#8243; text_font=&#8221;font-555555&#8243; text_color=&#8221;color-578847&#8243;]Fecha del proyecto[/vc_custom_heading][vc_column_text]Durante el 2019.[/vc_column_text][/vc_column][/vc_row]</p>
</div>
