{"id":1623,"date":"2019-11-25T17:04:33","date_gmt":"2019-11-25T16:04:33","guid":{"rendered":"http:\/\/www.martipala.com\/?post_type=portfolio&#038;p=1623"},"modified":"2019-11-25T17:04:33","modified_gmt":"2019-11-25T16:04:33","slug":"rectoria-godmar","status":"publish","type":"portfolio","link":"http:\/\/www.martipala.com\/ca\/proyecto\/rectoria-godmar\/","title":{"rendered":"Rectoria Godmar"},"content":{"rendered":"<div class=\"wpb-content-wrapper\"><p>[vc_row row_height_percent=&#8221;0&#8243; override_padding=&#8221;yes&#8221; h_padding=&#8221;2&#8243; top_padding=&#8221;5&#8243; bottom_padding=&#8221;5&#8243; back_color=&#8221;color-xsdn&#8221; overlay_alpha=&#8221;50&#8243; gutter_size=&#8221;3&#8243; column_width_percent=&#8221;100&#8243; shift_y=&#8221;0&#8243; z_index=&#8221;0&#8243;][vc_column column_width_percent=&#8221;100&#8243; overlay_alpha=&#8221;50&#8243; gutter_size=&#8221;2&#8243; medium_width=&#8221;0&#8243; mobile_width=&#8221;0&#8243; shift_x=&#8221;0&#8243; shift_y=&#8221;0&#8243; shift_y_down=&#8221;0&#8243; z_index=&#8221;0&#8243; width=&#8221;1\/2&#8243;][vc_single_image media=&#8221;1122&#8243; media_width_percent=&#8221;100&#8243;][vc_single_image media=&#8221;1125&#8243; media_width_percent=&#8221;100&#8243;][vc_single_image media=&#8221;1134&#8243; media_width_percent=&#8221;100&#8243;][vc_single_image media=&#8221;1131&#8243; media_width_percent=&#8221;100&#8243;][\/vc_column][vc_column column_width_percent=&#8221;100&#8243; overlay_alpha=&#8221;50&#8243; gutter_size=&#8221;2&#8243; align_medium=&#8221;align_left_tablet&#8221; medium_width=&#8221;0&#8243; align_mobile=&#8221;align_left_mobile&#8221; mobile_width=&#8221;0&#8243; shift_x=&#8221;0&#8243; shift_y=&#8221;0&#8243; shift_y_down=&#8221;0&#8243; z_index=&#8221;0&#8243; width=&#8221;1\/2&#8243; el_class=&#8221;mp_info-proyecto&#8221;][vc_custom_heading text_size=&#8221;h5&#8243;]Instalaciones integrales[\/vc_custom_heading][vc_custom_heading heading_semantic=&#8221;h1&#8243;]Instalaciones integrales en la Rector\u00eda de Godmar[\/vc_custom_heading][vc_custom_heading heading_semantic=&#8221;h4&#8243; text_size=&#8221;h6&#8243; text_font=&#8221;font-555555&#8243; text_color=&#8221;color-578847&#8243;]Descripci\u00f3n del proyecto[\/vc_custom_heading][vc_column_text]En este proyecto se realizaron las instalaciones el\u00e9ctricas, climatizaci\u00f3n, contraincendios, y cableado estructural para dar servicio a una antigua rector\u00eda convertida en un conjunto de espacios dedicados a los eventos sociales y culturales.<\/p>\n<p>Se desarrollo un proyecto lum\u00ednico enfocado a ofrecer polivalencia a los diferentes espacios.[\/vc_column_text][vc_custom_heading heading_semantic=&#8221;h4&#8243; text_size=&#8221;h6&#8243; text_font=&#8221;font-555555&#8243; text_color=&#8221;color-578847&#8243;]Cliente[\/vc_custom_heading][vc_column_text]Rector\u00eda Godmar[\/vc_column_text][vc_custom_heading heading_semantic=&#8221;h4&#8243; text_size=&#8221;h6&#8243; text_font=&#8221;font-555555&#8243; text_color=&#8221;color-578847&#8243;]Fecha del proyecto[\/vc_custom_heading][vc_column_text]Realizado durante el 2018.[\/vc_column_text][\/vc_column][\/vc_row]<\/p>\n<\/div>","protected":false},"excerpt":{"rendered":"<p>[vc_row row_height_percent=&#8221;0&#8243; override_padding=&#8221;yes&#8221; h_padding=&#8221;2&#8243; top_padding=&#8221;5&#8243; bottom_padding=&#8221;5&#8243; back_color=&#8221;color-xsdn&#8221; overlay_alpha=&#8221;50&#8243; gutter_size=&#8221;3&#8243; column_width_percent=&#8221;100&#8243; shift_y=&#8221;0&#8243; z_index=&#8221;0&#8243;][vc_column column_width_percent=&#8221;100&#8243; overlay_alpha=&#8221;50&#8243; gutter_size=&#8221;2&#8243; medium_width=&#8221;0&#8243; mobile_width=&#8221;0&#8243; shift_x=&#8221;0&#8243; shift_y=&#8221;0&#8243; shift_y_down=&#8221;0&#8243; [&hellip;]<\/p>\n","protected":false},"author":2,"featured_media":1131,"parent":0,"menu_order":80,"comment_status":"open","ping_status":"closed","template":"","meta":{"_joinchat":[],"footnotes":""},"portfolio_category":[28,30,32,34,36,38],"class_list":["post-1623","portfolio","type-portfolio","status-publish","has-post-thumbnail","hentry","portfolio_category-climatizacion-ca","portfolio_category-energias-renovables-ca","portfolio_category-fluidos-y-gases-ca","portfolio_category-instalaciones-electricas-ca","portfolio_category-proyectos-de-ingenieria-ca","portfolio_category-telecomunicaciones-ca"],"_links":{"self":[{"href":"http:\/\/www.martipala.com\/ca\/wp-json\/wp\/v2\/portfolio\/1623","targetHints":{"allow":["GET"]}}],"collection":[{"href":"http:\/\/www.martipala.com\/ca\/wp-json\/wp\/v2\/portfolio"}],"about":[{"href":"http:\/\/www.martipala.com\/ca\/wp-json\/wp\/v2\/types\/portfolio"}],"author":[{"embeddable":true,"href":"http:\/\/www.martipala.com\/ca\/wp-json\/wp\/v2\/users\/2"}],"replies":[{"embeddable":true,"href":"http:\/\/www.martipala.com\/ca\/wp-json\/wp\/v2\/comments?post=1623"}],"version-history":[{"count":1,"href":"http:\/\/www.martipala.com\/ca\/wp-json\/wp\/v2\/portfolio\/1623\/revisions"}],"predecessor-version":[{"id":1624,"href":"http:\/\/www.martipala.com\/ca\/wp-json\/wp\/v2\/portfolio\/1623\/revisions\/1624"}],"wp:featuredmedia":[{"embeddable":true,"href":"http:\/\/www.martipala.com\/ca\/wp-json\/wp\/v2\/media\/1131"}],"wp:attachment":[{"href":"http:\/\/www.martipala.com\/ca\/wp-json\/wp\/v2\/media?parent=1623"}],"wp:term":[{"taxonomy":"portfolio_category","embeddable":true,"href":"http:\/\/www.martipala.com\/ca\/wp-json\/wp\/v2\/portfolio_category?post=1623"}],"curies":[{"name":"wp","href":"https:\/\/api.w.org\/{rel}","templated":true}]}}

<div class="wpb-content-wrapper"><p>[vc_row row_height_percent=&#8221;0&#8243; override_padding=&#8221;yes&#8221; h_padding=&#8221;2&#8243; top_padding=&#8221;5&#8243; bottom_padding=&#8221;5&#8243; back_color=&#8221;color-xsdn&#8221; overlay_alpha=&#8221;50&#8243; gutter_size=&#8221;3&#8243; column_width_percent=&#8221;100&#8243; shift_y=&#8221;0&#8243; z_index=&#8221;0&#8243;][vc_column column_width_percent=&#8221;100&#8243; overlay_alpha=&#8221;50&#8243; gutter_size=&#8221;2&#8243; medium_width=&#8221;0&#8243; mobile_width=&#8221;0&#8243; shift_x=&#8221;0&#8243; shift_y=&#8221;0&#8243; shift_y_down=&#8221;0&#8243; z_index=&#8221;0&#8243; width=&#8221;1/2&#8243;][vc_single_image media=&#8221;1122&#8243; media_width_percent=&#8221;100&#8243;][vc_single_image media=&#8221;1125&#8243; media_width_percent=&#8221;100&#8243;][vc_single_image media=&#8221;1134&#8243; media_width_percent=&#8221;100&#8243;][vc_single_image media=&#8221;1131&#8243; media_width_percent=&#8221;100&#8243;][/vc_column][vc_column column_width_percent=&#8221;100&#8243; overlay_alpha=&#8221;50&#8243; gutter_size=&#8221;2&#8243; align_medium=&#8221;align_left_tablet&#8221; medium_width=&#8221;0&#8243; align_mobile=&#8221;align_left_mobile&#8221; mobile_width=&#8221;0&#8243; shift_x=&#8221;0&#8243; shift_y=&#8221;0&#8243; shift_y_down=&#8221;0&#8243; z_index=&#8221;0&#8243; width=&#8221;1/2&#8243; el_class=&#8221;mp_info-proyecto&#8221;][vc_custom_heading text_size=&#8221;h5&#8243;]Instalaciones integrales[/vc_custom_heading][vc_custom_heading heading_semantic=&#8221;h1&#8243;]Instalaciones integrales en la Rectoría de Godmar[/vc_custom_heading][vc_custom_heading heading_semantic=&#8221;h4&#8243; text_size=&#8221;h6&#8243; text_font=&#8221;font-555555&#8243; text_color=&#8221;color-578847&#8243;]Descripción del proyecto[/vc_custom_heading][vc_column_text]En este proyecto se realizaron las instalaciones eléctricas, climatización, contraincendios, y cableado estructural para dar servicio a una antigua rectoría convertida en un conjunto de espacios dedicados a los eventos sociales y culturales.</p>
<p>Se desarrollo un proyecto lumínico enfocado a ofrecer polivalencia a los diferentes espacios.[/vc_column_text][vc_custom_heading heading_semantic=&#8221;h4&#8243; text_size=&#8221;h6&#8243; text_font=&#8221;font-555555&#8243; text_color=&#8221;color-578847&#8243;]Cliente[/vc_custom_heading][vc_column_text]Rectoría Godmar[/vc_column_text][vc_custom_heading heading_semantic=&#8221;h4&#8243; text_size=&#8221;h6&#8243; text_font=&#8221;font-555555&#8243; text_color=&#8221;color-578847&#8243;]Fecha del proyecto[/vc_custom_heading][vc_column_text]Realizado durante el 2018.[/vc_column_text][/vc_column][/vc_row]</p>
</div>
