{"id":778,"date":"2018-10-18T07:34:26","date_gmt":"2018-10-18T07:34:26","guid":{"rendered":"http:\/\/www.martipala.com\/politica-privacidad\/"},"modified":"2018-12-10T16:00:30","modified_gmt":"2018-12-10T15:00:30","slug":"politica-privacidad","status":"publish","type":"page","link":"http:\/\/www.martipala.com\/ca\/politica-privacidad\/","title":{"rendered":"Pol\u00edtica de privacidad"},"content":{"rendered":"<p>De acuerdo a lo establecido en la Ley Org\u00e1nica 15\/1999, de 13 de diciembre, de Protecci\u00f3n de Datos de Car\u00e1cter Personal y su normativa de desarrollo, le informamos que los datos personales proporcionados por Usted pasar\u00e1n a integrarse en un fichero titularidad de <strong>MARTI Y PALA, S.A.<\/strong> manteni\u00e9ndose en todo caso la confidencialidad de la informaci\u00f3n facilitada.<\/p>\n<p><strong>MARTI Y PALA, S.A.<\/strong> presume que los datos introducidos por Usted son correctos, exactos y veraces, en caso contrario Usted ser\u00e1 el responsable de la inexactitud de los mismos.<\/p>\n<p>La finalidad de la recogida de estos datos es poder disponer de la informaci\u00f3n necesaria para tramitar su consulta y poder as\u00ed darle una respuesta conveniente sobre alg\u00fan tipo de informaci\u00f3n que nos solicite que no parezca en nuestra p\u00e1gina web o sobre nuestros productos.<\/p>\n<p>Asimismo, los datos facilitados pueden usarse para poder proporcionarle informaci\u00f3n referente a nuestros productos que resulten ser de su inter\u00e9s por correo electr\u00f3nico o postal por parte de <strong>MARTI Y PALA, S.A.<\/strong><\/p>\n<p>Usted dispone de la posibilidad de ejercer los derechos de acceso, rectificaci\u00f3n, cancelaci\u00f3n y oposici\u00f3n previstos en la normativa vigente de protecci\u00f3n de datos, mediante escrito dirigido a <strong>MARTI Y PALA, S.A.<\/strong> con direcci\u00f3n en la calle Onze de Setembre, 4 de L\u00b4Hospitalet, o mediante correo electr\u00f3nico dirigido a <a href=\"mailto:martipala@martipala.com\">martipala@martipala.com<\/a> , adjuntando en ambos casos copia de su DNI.<\/p>\n","protected":false},"excerpt":{"rendered":"<p>De acuerdo a lo establecido en la Ley Org\u00e1nica 15\/1999, de 13 de diciembre, de Protecci\u00f3n de Datos de Car\u00e1cter [&hellip;]<\/p>\n","protected":false},"author":1,"featured_media":0,"parent":0,"menu_order":0,"comment_status":"closed","ping_status":"open","template":"","meta":{"_joinchat":[],"footnotes":""},"class_list":["post-778","page","type-page","status-publish","hentry"],"_links":{"self":[{"href":"http:\/\/www.martipala.com\/ca\/wp-json\/wp\/v2\/pages\/778","targetHints":{"allow":["GET"]}}],"collection":[{"href":"http:\/\/www.martipala.com\/ca\/wp-json\/wp\/v2\/pages"}],"about":[{"href":"http:\/\/www.martipala.com\/ca\/wp-json\/wp\/v2\/types\/page"}],"author":[{"embeddable":true,"href":"http:\/\/www.martipala.com\/ca\/wp-json\/wp\/v2\/users\/1"}],"replies":[{"embeddable":true,"href":"http:\/\/www.martipala.com\/ca\/wp-json\/wp\/v2\/comments?post=778"}],"version-history":[{"count":2,"href":"http:\/\/www.martipala.com\/ca\/wp-json\/wp\/v2\/pages\/778\/revisions"}],"predecessor-version":[{"id":1066,"href":"http:\/\/www.martipala.com\/ca\/wp-json\/wp\/v2\/pages\/778\/revisions\/1066"}],"wp:attachment":[{"href":"http:\/\/www.martipala.com\/ca\/wp-json\/wp\/v2\/media?parent=778"}],"curies":[{"name":"wp","href":"https:\/\/api.w.org\/{rel}","templated":true}]}}

Política de privacidad

<p>De acuerdo a lo establecido en la Ley Orgánica 15/1999, de 13 de diciembre, de Protección de Datos de Carácter Personal y su normativa de desarrollo, le informamos que los datos personales proporcionados por Usted pasarán a integrarse en un fichero titularidad de <strong>MARTI Y PALA, S.A.</strong> manteniéndose en todo caso la confidencialidad de la información facilitada.</p>
<p><strong>MARTI Y PALA, S.A.</strong> presume que los datos introducidos por Usted son correctos, exactos y veraces, en caso contrario Usted será el responsable de la inexactitud de los mismos.</p>
<p>La finalidad de la recogida de estos datos es poder disponer de la información necesaria para tramitar su consulta y poder así darle una respuesta conveniente sobre algún tipo de información que nos solicite que no parezca en nuestra página web o sobre nuestros productos.</p>
<p>Asimismo, los datos facilitados pueden usarse para poder proporcionarle información referente a nuestros productos que resulten ser de su interés por correo electrónico o postal por parte de <strong>MARTI Y PALA, S.A.</strong></p>
<p>Usted dispone de la posibilidad de ejercer los derechos de acceso, rectificación, cancelación y oposición previstos en la normativa vigente de protección de datos, mediante escrito dirigido a <strong>MARTI Y PALA, S.A.</strong> con dirección en la calle Onze de Setembre, 4 de L´Hospitalet, o mediante correo electrónico dirigido a <a href="mailto:martipala@martipala.com">martipala@martipala.com</a> , adjuntando en ambos casos copia de su DNI.</p>

<p>De acuerdo a lo establecido en la Ley Orgánica 15/1999, de 13 de diciembre, de Protección de Datos de Carácter [&hellip;]</p>
